Is 403401 a multiple of 73?
False
Does 2 divide 479202?
True
Is 5553082 a multiple of 34?
False
Is 11402791 a multiple of 61?
True
Does 157 divide 6599120?
False
Does 13 divide 161694?
True
Does 18 divide 21060?
True
Is 5085 a multiple of 2?
False
Is 57 a factor of 158727?
False
Is 6 a factor of 63477?
False
Does 80 divide 815513?
False
Does 6 divide 1694?
False
Is 251069 a multiple of 16?
False
Is 22 a factor of 37514?
False
Is 4 a factor of 351216?
True
Is 4 a factor of 1792629?
False
Is 1351577 a multiple of 856?
False
Is 62 a factor of 99021?
False
Does 10 divide 210248?
False
Does 38 divide 499586?
True
Is 197370 a multiple of 387?
True
Is 216958 a multiple of 14?
True
Is 51 a factor of 119124?
False
Is 652421 a multiple of 229?
True
Is 9 a factor of 5688?
True
Is 39222 a multiple of 100?
False
Is 1303 a factor of 2565028?
False
Does 25 divide 311959?
False
Is 47 a factor of 23626?
False
Does 29 divide 47894?
False
Does 24 divide 175632?
True
Does 198 divide 482881?
False
Is 1329193 a multiple of 23?
True
Does 57 divide 5438085?
True
Does 315 divide 2072285?
False
Is 4181949 a multiple of 1163?
False
Is 11398635 a multiple of 58?
False
Does 55 divide 431405?
False
Is 528 a factor of 665276?
False
Is 49 a factor of 1202901?
True
Is 17123251 a multiple of 818?
False
Does 1168 divide 4125681?
False
Is 723821 a multiple of 59?
False
Is 7707546 a multiple of 18?
True
Does 270 divide 173593?
False
Does 7 divide 119036?
False
Is 17527544 a multiple of 772?
False
Is 13872 a multiple of 9?
False
Is 9 a factor of 12874688?
False
Is 257 a factor of 1832484?
False
Does 14 divide 48350?
False
Is 4756776 a multiple of 90?
False
Is 2704465 a multiple of 1087?
False
Is 70 a factor of 670693?
False
Does 6 divide 1528152?
True
Is 32428 even?
True
Is 7466590 a multiple of 2202?
False
Is 111605 a multiple of 85?
True
Is 1401820 a multiple of 589?
True
Is 8 a factor of 2492237?
False
Is 9 a factor of 166550?
False
Does 54 divide 175014?
True
Is 4677341 a multiple of 482?
False
Is 449 a factor of 10723916?
True
Is 7 a factor of 925762?
False
Does 5 divide 4365275?
True
Is 171680 a multiple of 145?
True
Does 134 divide 677638?
True
Is 6 a factor of 528534?
True
Does 38 divide 1615556?
False
Is 6 a factor of 925204?
False
Is 1968 a multiple of 24?
True
Is 12042523 a multiple of 19?
True
Is 992534 a multiple of 257?
True
Is 2382720 a multiple of 365?
True
Is 23 a factor of 12897428?
False
Is 16130707 a multiple of 14?
False
Does 55 divide 98297?
False
Does 90 divide 29880?
True
Is 53 a factor of 26101575?
False
Does 12 divide 148200?
True
Is 589 a factor of 895551?
False
Is 12 a factor of 1758984?
True
Is 1579301 a multiple of 109?
True
Is 555 a factor of 6707730?
True
Is 166060 a multiple of 20?
True
Is 34977 a multiple of 3?
True
Is 128 a factor of 632832?
True
Does 7 divide 757008?
True
Is 88380 a multiple of 59?
False
Is 24663 a multiple of 35?
False
Is 17813250 a multiple of 31?
False
Is 49 a factor of 611324?
True
Is 15355 a multiple of 37?
True
Is 42152494 a multiple of 52?
False
Does 22 divide 129492?
True
Does 10 divide 573270?
True
Is 11 a factor of 135179?
True
Does 9 divide 2939896?
False
Is 11141538 a multiple of 47?
True
Does 1030 divide 8734147?
False
Does 28 divide 13777?
False
Is 9776652 a multiple of 43?
True
Does 7 divide 1018045?
True
Is 6 a factor of 39067?
False
Is 1719727 a multiple of 2?
False
Is 230098 a multiple of 125?
False
Is 194542 a multiple of 63?
False
Does 103 divide 8688462?
True
Is 2804 a factor of 19263660?
False
Is 5 a factor of 4408166?
False
Is 677 a factor of 3444905?
False
Does 184 divide 684112?
True
Is 546 a factor of 250068?
True
Is 407880 a multiple of 60?
True
Is 47908 a multiple of 53?
False
Does 14 divide 3957142?
True
Is 631 a factor of 1378104?
True
Does 6 divide 111996?
True
Is 345364 a multiple of 100?
False
Is 103358 a multiple of 32?
False
Does 56 divide 1120224?
True
Is 797568 a multiple of 32?
True
Is 2305161 a multiple of 26?
False
Is 2026966 a multiple of 8?
False
Does 8 divide 694048?
True
Is 19 a factor of 23899?
False
Is 3366162 even?
True
Does 1520 divide 18063680?
True
Does 18 divide 3765798?
True
Does 9 divide 118906?
False
Is 2993033 a multiple of 10?
False
Is 61 a factor of 3079099?
False
Is 56 a factor of 13979413?
False
Is 7218978 a multiple of 6?
True
Does 20 divide 292677?
False
Does 62 divide 5625384?
True
Is 197355 a multiple of 59?
True
Does 32 divide 6148992?
True
Does 297 divide 1738908?
False
Is 17 a factor of 280993?
True
Does 184 divide 4524560?
True
Is 364764 a multiple of 33?
False
Is 9 a factor of 1896562?
False
Is 33 a factor of 2485419?
False
Is 200787 a multiple of 303?
False
Does 499 divide 8999465?
True
Does 332 divide 20234981?
False
Is 2135911 a multiple of 10?
False
Does 24 divide 261288?
True
Is 123746 a multiple of 42?
False
Does 30 divide 3473336?
False
Does 62 divide 507020?
False
Is 169 a factor of 1758225?
False
Is 296 a factor of 379768?
True
Is 168732 a multiple of 17?
False
Is 14954534 a multiple of 214?
True
Is 16 a factor of 197253?
False
Is 15186617 a multiple of 190?
False
Does 25 divide 129500?
True
Is 1464320 a multiple of 5?
True
Does 3 divide 8333?
False
Does 671 divide 627677?
False
Does 13 divide 307996?
True
Does 901 divide 1643997?
False
Is 13444656 a multiple of 609?
False
Does 26 divide 609016?
False
Does 69 divide 112884?
True
Is 119061 a multiple of 13?
False
Does 48 divide 22643?
False
Is 4894110 a multiple of 1170?
True
Is 138 a factor of 674820?
True
Is 5 a factor of 114809?
False
Is 11348000 a multiple of 19?
False
Is 172161 a multiple of 133?
False
Does 435 divide 1836998?
False
Is 421 a factor of 514883?
True
Does 35 divide 502075?
True
Does 13 divide 22065794?
False
Is 5009 even?
False
Is 426619 a multiple of 45?
False
Does 137 divide 10429746?
False
Is 19 a factor of 252532?
False
Is 9 a factor of 1737965?
False
Does 12 divide 181416?
True
Does 8 divide 102988?
False
Is 857396 a multiple of 71?
True
Does 105 divide 4349835?
True
Is 2519832 a multiple of 983?
False
Does 45 divide 75375?
True
Is 6 a factor of 6218?
False
Is 871 a factor of 1401094?
False
Is 1855135 a multiple of 1138?
False
Does 163 divide 1266999?
True
Does 406 divide 256250?
False
Is 25 a factor of 1904142?
False
Is 379 a factor of 332113?
False
Is 20 a factor of 9652?
False
Is 1484702 a multiple of 166?
False
Does 7 divide 809569?
False
Does 98 divide 29911620?
False
Is 2681471 a multiple of 13?
True
Is 33 a factor of 3051183?
False
Does 130 divide 4792840?
True
Is 17 a factor of 18286372?
False
Is 162135 a multiple of 9?
True
Is 728256 a multiple of 8?
True
Does 20 divide 110994?
False
Is 5677 a multiple of 14?
False
Is 2 a factor of 38187?
False
Does 107 divide 450684?
True
Does 74 divide 491166?
False
Is 711 a factor of 1972314?
True
Is 9416736 a multiple of 9?
True
Is 4 a factor of 71459?
False
Is 3453 a multiple of 2?
False
Is 170766 a multiple of 53?
True
Is 928 a factor of 3153344?
True
Does 12 divide 5409900?
True
Is 37501 a multiple of 62?
False
Does 84 divide 6776830?
False
Is 4 a factor of 649660?
True
Is 1525052 a multiple of 22?
False
Does 1234 divide 14149305?
False
Is 4 a factor of 35771?
False
Is 193024 a multiple of 377?
True
Is 23 a factor of 268812?
False
Is 698 a factor of 2787967?
False
Does 6 divide 876121?
False
Is 85 a factor of 502860?
True
Is 2691659 a multiple of 96?
False
Is 5847000 a multiple of 20?
True
Does 25 divide 23830375?
True
Is 6 a factor of 659300?
False
Does 95 divide 2954120?
True
Does 58 divide 145503?
False
Is 91760 a multiple of 27?
False
Is 3296120 even?
True
Does 40 divide 6031371?
False
Is 197136 a multiple of 333?
True
Does 38 divide 269990?
True
Does 11 divide 5785530?
False
Is 15 a factor of 455430?
True
Is 1969184 a multiple of 1845?
False
Is 284685 a multiple of 234?
False
Does 7 divide 170011?
False
Does 438 divide 1479564?
True
Is 298 a factor of 1028994?
True
Is 9 a factor of 7392?
False
Does 148 divide 59200?
True
Does 47 divide 65737?
False
Does 598 divide 293897?
False
Is 28 a factor of 357077?
False
Does 164 divide 71019?
False
Is 19 a factor of 8299?
False
Does 168 divide 1308720?
True
Is 98 a factor of 18251814?
True
Is 1165083 a multiple of 47?
True
Does 6 divide 454938?
True
Is 2 a factor of 31073?
False
Doe